{"id":139,"date":"2021-05-02T20:32:13","date_gmt":"2021-05-02T20:32:13","guid":{"rendered":"https:\/\/kli-ma.videoesfoto.hu\/kli-ma\/?page_id=139"},"modified":"2021-05-02T20:44:04","modified_gmt":"2021-05-02T20:44:04","slug":"arak","status":"publish","type":"page","link":"https:\/\/kli-ma.videoesfoto.hu\/kli-ma\/arak\/","title":{"rendered":"\u00c1RAK"},"content":{"rendered":"\n<ul class=\"wp-block-list\" id=\"hk_szolg_check_style\"><li>Alap kl\u00edmaszerel\u00e9s d\u00edj 2 fm-ig: <strong> 49 990 Ft &#8211; t\u00f3l<br><\/strong>5 kW-os oldalfali mono split kl\u00edma szettig (1 belt\u00e9ri + 1 k\u00fclt\u00e9ri)<\/li><li>Minden tov\u00e1bbi m\u00e9ter cs\u00f6vez\u00e9s + <strong>9 990 Ft &#8211; t\u00f3l<\/strong><\/li><li>Minden tov\u00e1bbi fal, illetve a 30cm feletti falvastags\u00e1g \u00e1tf\u00far\u00e1sa<br>+ <strong>8 990 Ft<\/strong> <strong>&#8211; t\u00f3l<\/strong><\/li><li>Az 5 kW feletti egys\u00e9gek szerel\u00e9se eset\u00e9n k\u00e9rje egyedi aj\u00e1nlatunkat\u00a0<a href=\"https:\/\/kli-ma.videoesfoto.hu\/kli-ma\/contact\/\">el\u00e9rhet\u0151s\u00e9geink<\/a>\u00a0egyik\u00e9n!<\/li><li>Kl\u00edma el\u0151cs\u00f6vez\u00e9s min. t\u00e1v 5 m\u00e9ter:\u00a0<strong>9 990 Ft\/m<\/strong> <strong>&#8211; t\u00f3l<\/strong><\/li><li>Be\u00fczemel\u00e9s megl\u00e9v\u0151 el\u0151cs\u00f6vez\u00e9sre:\u00a0<strong>39 990 Ft<\/strong> <strong>&#8211; t\u00f3l<\/strong><\/li><li>Kl\u00edma belt\u00e9ri bont\u00e1s: <strong>9 990 Ft &#8211; t\u00f3l<\/strong><\/li><li>Kl\u00edma k\u00fclt\u00e9ri bont\u00e1s: <strong>19 990 Ft &#8211; t\u00f3l<\/strong><\/li><li>Belt\u00e9ri \u00e9s k\u00fclt\u00e9ri bont\u00e1s:\u00a0<strong>24 990 Ft &#8211; t\u00f3l<\/strong><\/li><\/ul>\n\n\n\n<p>K\u00e9rje egyedi \u00e1raj\u00e1nlat\u00e1t:<\/p>\n\n\n\n<p><\/p>\n","protected":false},"excerpt":{"rendered":"<p>Alap kl\u00edmaszerel\u00e9s d\u00edj 2 fm-ig: 49 990 Ft &#8211; t\u00f3l5 kW-os oldalfali mono split kl\u00edma szettig (1 belt\u00e9ri + 1 k\u00fclt\u00e9ri) Minden tov\u00e1bbi m\u00e9ter cs\u00f6vez\u00e9s + 9 990 Ft &#8211; t\u00f3l Minden tov\u00e1bbi fal, illetve a 30cm feletti falvastags\u00e1g \u00e1tf\u00far\u00e1sa+ 8 990 Ft &#8211; t\u00f3l Az 5 kW feletti egys\u00e9gek&#8230;<\/p>\n","protected":false},"author":1,"featured_media":0,"parent":0,"menu_order":0,"comment_status":"closed","ping_status":"closed","template":"","meta":{"footnotes":""},"class_list":["post-139","page","type-page","status-publish","hentry"],"_links":{"self":[{"href":"https:\/\/kli-ma.videoesfoto.hu\/kli-ma\/wp-json\/wp\/v2\/pages\/139","targetHints":{"allow":["GET"]}}],"collection":[{"href":"https:\/\/kli-ma.videoesfoto.hu\/kli-ma\/wp-json\/wp\/v2\/pages"}],"about":[{"href":"https:\/\/kli-ma.videoesfoto.hu\/kli-ma\/wp-json\/wp\/v2\/types\/page"}],"author":[{"embeddable":true,"href":"https:\/\/kli-ma.videoesfoto.hu\/kli-ma\/wp-json\/wp\/v2\/users\/1"}],"replies":[{"embeddable":true,"href":"https:\/\/kli-ma.videoesfoto.hu\/kli-ma\/wp-json\/wp\/v2\/comments?post=139"}],"version-history":[{"count":4,"href":"https:\/\/kli-ma.videoesfoto.hu\/kli-ma\/wp-json\/wp\/v2\/pages\/139\/revisions"}],"predecessor-version":[{"id":148,"href":"https:\/\/kli-ma.videoesfoto.hu\/kli-ma\/wp-json\/wp\/v2\/pages\/139\/revisions\/148"}],"wp:attachment":[{"href":"https:\/\/kli-ma.videoesfoto.hu\/kli-ma\/wp-json\/wp\/v2\/media?parent=139"}],"curies":[{"name":"wp","href":"https:\/\/api.w.org\/{rel}","templated":true}]}}

ÁRAK

<ul class="wp-block-list" id="hk_szolg_check_style"><li>Alap klímaszerelés díj 2 fm-ig: <strong> 49 990 Ft &#8211; tól<br></strong>5 kW-os oldalfali mono split klíma szettig (1 beltéri + 1 kültéri)</li><li>Minden további méter csövezés + <strong>9 990 Ft &#8211; tól</strong></li><li>Minden további fal, illetve a 30cm feletti falvastagság átfúrása<br>+ <strong>8 990 Ft</strong> <strong>&#8211; tól</strong></li><li>Az 5 kW feletti egységek szerelése esetén kérje egyedi ajánlatunkat <a href="https://kli-ma.videoesfoto.hu/kli-ma/contact/">elérhetőségeink</a> egyikén!</li><li>Klíma előcsövezés min. táv 5 méter: <strong>9 990 Ft/m</strong> <strong>&#8211; tól</strong></li><li>Beüzemelés meglévő előcsövezésre: <strong>39 990 Ft</strong> <strong>&#8211; tól</strong></li><li>Klíma beltéri bontás: <strong>9 990 Ft &#8211; tól</strong></li><li>Klíma kültéri bontás: <strong>19 990 Ft &#8211; tól</strong></li><li>Beltéri és kültéri bontás: <strong>24 990 Ft &#8211; tól</strong></li></ul>



<p>Kérje egyedi árajánlatát:</p>



<p></p>

<p>Alap klímaszerelés díj 2 fm-ig: 49 990 Ft &#8211; tól5 kW-os oldalfali mono split klíma szettig (1 beltéri + 1 kültéri) Minden további méter csövezés + 9 990 Ft &#8211; tól Minden további fal, illetve a 30cm feletti falvastagság átfúrása+ 8 990 Ft &#8211; tól Az 5 kW feletti egységek&#8230;</p>
