{"id":2,"date":"2021-04-22T13:50:08","date_gmt":"2021-04-22T13:50:08","guid":{"rendered":"https:\/\/kli-ma.videoesfoto.hu\/kli-ma\/?page_id=2"},"modified":"2021-05-02T20:37:21","modified_gmt":"2021-05-02T20:37:21","slug":"sample-page","status":"publish","type":"page","link":"https:\/\/kli-ma.videoesfoto.hu\/kli-ma\/","title":{"rendered":"www.kli-ma.hu"},"content":{"rendered":"\n<p><\/p>\n\n\n\n<p>KL\u00cdMA SZEREL\u00c9S \u2013 TELEP\u00cdT\u00c9S<br><\/p>\n\n\n\n<blockquote class=\"wp-block-quote is-layout-flow wp-block-quote-is-layout-flow\"><p>Egy lakoss\u00e1gi kl\u00edma ki\u00e9p\u00edt\u00e9se, k\u00fclt\u00e9ri \u00e9s belt\u00e9ri egys\u00e9gek telep\u00edt\u00e9se \u00e9s be\u00fczemel\u00e9se \u00e1tlagosan 3-4 \u00f3r\u00e1t vesz ig\u00e9nybe, bele\u00e9rtve a felszerel\u00e9s ut\u00e1n sz\u00fcks\u00e9ges m\u00e9r\u00e9seket, esetleges ut\u00e1nt\u00f6lt\u00e9st \u00e9s takar\u00edt\u00e1st. A sz\u00fcks\u00e9ges munka\u00f3r\u00e1k sz\u00e1m\u00e1t term\u00e9szetesen befoly\u00e1solja a szoba m\u00e9rete, adotts\u00e1ga \u00e9s persze a sz\u00fcks\u00e9ges belt\u00e9ri egys\u00e9gek sz\u00e1ma. A belt\u00e9ri egys\u00e9gek alaplapra t\u00f6rt\u00e9n\u0151 felszerel\u00e9s\u00e9t k\u00f6vet\u0151en megkezdhet\u0151 a h\u0171t\u0151k\u00f6ri cs\u00f6vek elvezet\u00e9se, majd a k\u00fclt\u00e9ri egys\u00e9g felszerel\u00e9se. Munk\u00e1nk sor\u00e1n eszt\u00e9tikus lekerek\u00edtett k\u00e1belcsatorn\u00e1kat haszn\u00e1lunk. Munkat\u00e1rsaink a felszerel\u00e9s sor\u00e1n ipari porsz\u00edv\u00f3t haszn\u00e1lnak a f\u00far\u00e1s sor\u00e1n keletkezett t\u00f6rmel\u00e9kek elsz\u00edv\u00e1s\u00e1ra. Ennek ellen\u00e9re k\u00e9rj\u00fck a szerel\u00e9s alatt az \u00e9rt\u00e9kesebb berendez\u00e9seket t\u00e1vol\u00edts\u00e1k el a szerel\u00e9s k\u00f6rnyezet\u00e9b\u0151l, mivel az ugyan minim\u00e1lisan, de kosszal j\u00e1r. C\u00e9g\u00fcnk garanci\u00e1t v\u00e1llal minden elv\u00e9gzett munk\u00e1ra, \u00edgy \u00e9rdek\u00fcnk, hogy csak min\u0151s\u00e9gi kl\u00edmaberendez\u00e9seket telep\u00edts\u00fcnk megrendel\u0151ink sz\u00e1m\u00e1ra.<\/p><\/blockquote>\n\n\n\n<p>INGYENES FELM\u00c9R\u00c9S<\/p>\n\n\n\n<blockquote class=\"wp-block-quote is-layout-flow wp-block-quote-is-layout-flow\"><p>Kiskunhalas \u00e9s 20 km-es vonz\u00e1sk\u00f6rzet\u00e9ben ingyenesen v\u00e9gezz\u00fck a kl\u00edma szerel\u00e9s el\u0151tt sz\u00fcks\u00e9ges egyedi ig\u00e9nyek felm\u00e9r\u00e9s\u00e9t. Ez alatt \u00e9rtend\u0151 a kl\u00edmaberendez\u00e9s m\u00e1rk\u00e1ja, sz\u00fcks\u00e9ges teljes\u00edtm\u00e9ny felm\u00e9r\u00e9se \u00e9s a telep\u00edtend\u0151 helyis\u00e9g adotts\u00e1gaihoz m\u00e9rten a t\u00edpusv\u00e1laszt\u00e1sban is seg\u00edt\u00fcnk az ide\u00e1lis v\u00e1laszt\u00e1sban. Fontos t\u00e9nyez\u0151 a megfelel\u0151 t\u00e1pell\u00e1t\u00e1s, hogy a kl\u00edma ne terhelje t\u00fal az elektromos h\u00e1l\u00f3zatot. Ugyanilyen fontos a megfelel\u0151 kondenzv\u00edz elvezet\u00e9s\u00e9nek ki\u00e9p\u00edt\u00e9se is.<\/p><\/blockquote>\n\n\n\n<h2 class=\"wp-block-heading\">GYORSAS\u00c1G<\/h2>\n\n\n\n<blockquote class=\"wp-block-quote is-layout-flow wp-block-quote-is-layout-flow\"><p>A megrendel\u00e9st k\u00f6vet\u0151en, id\u0151pont egyeztet\u00e9s ut\u00e1n szakembereink a helysz\u00ednen telep\u00edtik az \u00faj kl\u00edm\u00e1t.<\/p><\/blockquote>\n\n\n\n<h2 class=\"wp-block-heading\">GARANCIA<\/h2>\n\n\n\n<blockquote class=\"wp-block-quote is-layout-flow wp-block-quote-is-layout-flow\"><p>\u00daj kl\u00edma beszerel\u00e9se eset\u00e9n az \u00e1ltalunk elv\u00e9gzett munk\u00e1ra 3 \u00e9v garanci\u00e1t v\u00e1llalunk, a k\u00f6telez\u0151 karbantart\u00e1sok elv\u00e9gz\u00e9se mellett.<\/p><\/blockquote>\n\n\n\n<h2 class=\"wp-block-heading\">MIN\u0150S\u00c9G<\/h2>\n\n\n\n<blockquote class=\"wp-block-quote is-layout-flow wp-block-quote-is-layout-flow\"><p>Tekintve a garanci\u00e1t csak min\u0151s\u00e9gi g\u00e9peket, eszk\u00f6z\u00f6ket \u00e9s alapanyagot haszn\u00e1lunk munk\u00e1nk sor\u00e1n.<\/p><\/blockquote>\n","protected":false},"excerpt":{"rendered":"<p>KL\u00cdMA SZEREL\u00c9S \u2013 TELEP\u00cdT\u00c9S Egy lakoss\u00e1gi kl\u00edma ki\u00e9p\u00edt\u00e9se, k\u00fclt\u00e9ri \u00e9s belt\u00e9ri egys\u00e9gek telep\u00edt\u00e9se \u00e9s be\u00fczemel\u00e9se \u00e1tlagosan 3-4 \u00f3r\u00e1t vesz ig\u00e9nybe, bele\u00e9rtve a felszerel\u00e9s ut\u00e1n sz\u00fcks\u00e9ges m\u00e9r\u00e9seket, esetleges ut\u00e1nt\u00f6lt\u00e9st \u00e9s takar\u00edt\u00e1st. A sz\u00fcks\u00e9ges munka\u00f3r\u00e1k sz\u00e1m\u00e1t term\u00e9szetesen befoly\u00e1solja a szoba m\u00e9rete, adotts\u00e1ga \u00e9s persze a sz\u00fcks\u00e9ges belt\u00e9ri egys\u00e9gek sz\u00e1ma. A belt\u00e9ri egys\u00e9gek&#8230;<\/p>\n","protected":false},"author":1,"featured_media":0,"parent":0,"menu_order":0,"comment_status":"closed","ping_status":"open","template":"","meta":{"footnotes":""},"class_list":["post-2","page","type-page","status-publish","hentry"],"_links":{"self":[{"href":"https:\/\/kli-ma.videoesfoto.hu\/kli-ma\/wp-json\/wp\/v2\/pages\/2","targetHints":{"allow":["GET"]}}],"collection":[{"href":"https:\/\/kli-ma.videoesfoto.hu\/kli-ma\/wp-json\/wp\/v2\/pages"}],"about":[{"href":"https:\/\/kli-ma.videoesfoto.hu\/kli-ma\/wp-json\/wp\/v2\/types\/page"}],"author":[{"embeddable":true,"href":"https:\/\/kli-ma.videoesfoto.hu\/kli-ma\/wp-json\/wp\/v2\/users\/1"}],"replies":[{"embeddable":true,"href":"https:\/\/kli-ma.videoesfoto.hu\/kli-ma\/wp-json\/wp\/v2\/comments?post=2"}],"version-history":[{"count":8,"href":"https:\/\/kli-ma.videoesfoto.hu\/kli-ma\/wp-json\/wp\/v2\/pages\/2\/revisions"}],"predecessor-version":[{"id":145,"href":"https:\/\/kli-ma.videoesfoto.hu\/kli-ma\/wp-json\/wp\/v2\/pages\/2\/revisions\/145"}],"wp:attachment":[{"href":"https:\/\/kli-ma.videoesfoto.hu\/kli-ma\/wp-json\/wp\/v2\/media?parent=2"}],"curies":[{"name":"wp","href":"https:\/\/api.w.org\/{rel}","templated":true}]}}

<p></p>



<p>KLÍMA SZERELÉS – TELEPÍTÉS<br></p>



<blockquote class="wp-block-quote is-layout-flow wp-block-quote-is-layout-flow"><p>Egy lakossági klíma kiépítése, kültéri és beltéri egységek telepítése és beüzemelése átlagosan 3-4 órát vesz igénybe, beleértve a felszerelés után szükséges méréseket, esetleges utántöltést és takarítást. A szükséges munkaórák számát természetesen befolyásolja a szoba mérete, adottsága és persze a szükséges beltéri egységek száma. A beltéri egységek alaplapra történő felszerelését követően megkezdhető a hűtőköri csövek elvezetése, majd a kültéri egység felszerelése. Munkánk során esztétikus lekerekített kábelcsatornákat használunk. Munkatársaink a felszerelés során ipari porszívót használnak a fúrás során keletkezett törmelékek elszívására. Ennek ellenére kérjük a szerelés alatt az értékesebb berendezéseket távolítsák el a szerelés környezetéből, mivel az ugyan minimálisan, de kosszal jár. Cégünk garanciát vállal minden elvégzett munkára, így érdekünk, hogy csak minőségi klímaberendezéseket telepítsünk megrendelőink számára.</p></blockquote>



<p>INGYENES FELMÉRÉS</p>



<blockquote class="wp-block-quote is-layout-flow wp-block-quote-is-layout-flow"><p>Kiskunhalas és 20 km-es vonzáskörzetében ingyenesen végezzük a klíma szerelés előtt szükséges egyedi igények felmérését. Ez alatt értendő a klímaberendezés márkája, szükséges teljesítmény felmérése és a telepítendő helyiség adottságaihoz mérten a típusválasztásban is segítünk az ideális választásban. Fontos tényező a megfelelő tápellátás, hogy a klíma ne terhelje túl az elektromos hálózatot. Ugyanilyen fontos a megfelelő kondenzvíz elvezetésének kiépítése is.</p></blockquote>



<h2 class="wp-block-heading">GYORSASÁG</h2>



<blockquote class="wp-block-quote is-layout-flow wp-block-quote-is-layout-flow"><p>A megrendelést követően, időpont egyeztetés után szakembereink a helyszínen telepítik az új klímát.</p></blockquote>



<h2 class="wp-block-heading">GARANCIA</h2>



<blockquote class="wp-block-quote is-layout-flow wp-block-quote-is-layout-flow"><p>Új klíma beszerelése esetén az általunk elvégzett munkára 3 év garanciát vállalunk, a kötelező karbantartások elvégzése mellett.</p></blockquote>



<h2 class="wp-block-heading">MINŐSÉG</h2>



<blockquote class="wp-block-quote is-layout-flow wp-block-quote-is-layout-flow"><p>Tekintve a garanciát csak minőségi gépeket, eszközöket és alapanyagot használunk munkánk során.</p></blockquote>

<p>KLÍMA SZERELÉS – TELEPÍTÉS Egy lakossági klíma kiépítése, kültéri és beltéri egységek telepítése és beüzemelése átlagosan 3-4 órát vesz igénybe, beleértve a felszerelés után szükséges méréseket, esetleges utántöltést és takarítást. A szükséges munkaórák számát természetesen befolyásolja a szoba mérete, adottsága és persze a szükséges beltéri egységek száma. A beltéri egységek&#8230;</p>
