{"id":53,"date":"2021-04-22T13:50:32","date_gmt":"2021-04-22T13:50:32","guid":{"rendered":"https:\/\/kli-ma.videoesfoto.hu\/kli-ma\/about\/"},"modified":"2021-05-02T20:47:46","modified_gmt":"2021-05-02T20:47:46","slug":"about","status":"publish","type":"page","link":"https:\/\/kli-ma.videoesfoto.hu\/kli-ma\/about\/","title":{"rendered":"SZOLG\u00c1LTAT\u00c1SOK"},"content":{"rendered":"\n<h2 class=\"wp-block-heading\">KL\u00cdMA TELEP\u00cdT\u00c9S, BE\u00dcZEMEL\u00c9S<\/h2>\n\n\n\n<p>A legjobb mindent egy helyen elint\u00e9zni! Takar\u00edtson meg p\u00e9nzt \u00e9s id\u0151t azzal, hogy n\u00e1lunk v\u00e1laszt k\u00e9sz\u00fcl\u00e9ket. Mi v\u00e9gigvissz\u00fck a folyamatot a gondolatt\u00f3l a h\u0171v\u00f6s nappaliig. Al\u00e1bb megtal\u00e1lja a kl\u00edma telep\u00edt\u00e9s menet\u00e9t \u00e9s \u00e1rainkat. B\u00e1rmilyen felmer\u00fcl\u0151 k\u00e9rd\u00e9s eset\u00e9n keresse koll\u00e9g\u00e1inkat!<\/p>\n\n\n\n<h2 class=\"wp-block-heading\">A telep\u00edt\u00e9s menete<\/h2>\n\n\n\n<ul class=\"wp-block-list\"><li>Telefonos egyeztet\u00e9s ut\u00e1n, egy helysz\u00edni felm\u00e9r\u00e9st k\u00f6vet\u0151en leegyeztetj\u00fck, hol lenne a k\u00e9sz\u00fcl\u00e9knek a legoptim\u00e1lisabb helye<\/li><li>Fal\u00e1tf\u00far\u00e1ssal vagy sz\u00fcks\u00e9g eset\u00e9n falv\u00e9s\u00e9ssel el\u0151k\u00e9sz\u00edtik a beszerel\u00e9st. Ezen munkafolyamat minim\u00e1lis porral j\u00e1r, a j\u00f3l felszerelt szerel\u0151inknek k\u00f6sz\u00f6nhet\u0151en. Minden koll\u00e9g\u00e1nk ipari porsz\u00edv\u00f3val \u00e9s profi f\u00far\u00f3szersz\u00e1mokkal \u00e9rkezik \u00d6nh\u00f6z.<\/li><li>K\u00e1belcsatorn\u00e1z\u00e1s \u00e9s a vezet\u00e9kek beh\u00faz\u00e1sa<\/li><li>Belt\u00e9ri kl\u00edmaegys\u00e9g felhelyez\u00e9se<\/li><li>Elektromos \u00e9s kommunik\u00e1ci\u00f3s vezet\u00e9kek bek\u00f6t\u00e9se a belt\u00e9ri \u00e9s a k\u00fclt\u00e9ri egys\u00e9gek k\u00f6z\u00f6tt<\/li><li>K\u00fclt\u00e9ri kl\u00edmaegys\u00e9g felszerel\u00e9se<\/li><li>A rendszer t\u00f6m\u00f6rs\u00e9gvizsg\u00e1lata, v\u00e1kumol\u00e1sa<\/li><li>A rendszer be\u00fczemel\u00e9se, takar\u00edt\u00e1s \u00e9s a k\u00e9sz\u00fcl\u00e9k m\u0171k\u00f6d\u00e9s\u00e9nek bemutat\u00e1sa<\/li><\/ul>\n\n\n\n<h2 class=\"wp-block-heading\">KL\u00cdMA KARBANTART\u00c1S<\/h2>\n\n\n\n<p>El\u0151bb-ut\u00f3bb mindenk\u00e9pp kl\u00edma szerel\u0151re lesz sz\u00fcks\u00e9ge, ha kl\u00edm\u00e1t v\u00e1s\u00e1rol. Ez biztos. \u00d6n arr\u00f3l d\u00f6nt, hogy milyen k\u00f6r\u00fclm\u00e9nyek k\u00f6z\u00f6tt tal\u00e1lkozik a szerel\u0151vel.<\/p>\n\n\n\n<p>Szeretne v\u00e1ratlan, kellemetlen helyzetbe ker\u00fclni \u00e9s mindezek tetej\u00e9be a karbantart\u00e1si d\u00edj t\u00f6bbsz\u00f6r\u00f6s\u00e9t kifizetni cser\u00e9lend\u0151 alkatr\u00e9szekre? Mindezt v\u00e1ratlanul, a k\u00e1nikula k\u00f6zep\u00e9n. Az\u00e9rt, mert musz\u00e1j. Ha igen, ne is olvasson tov\u00e1bb!<\/p>\n\n\n\n<p>Ha viszont szeretn\u00e9, hogy\u2026<\/p>\n\n\n\n<ul class=\"wp-block-list\"><li>\u2026\u00e9vente 2 alkalommal szak\u00e9rt\u0151 koll\u00e9ga n\u00e9h\u00e1ny perc alatt \u00e1tvizsg\u00e1lja a k\u00e9sz\u00fcl\u00e9ket egy \u00d6n sz\u00e1m\u00e1ra k\u00e9nyelmes id\u0151pontban;<\/li><li>\u2026a kl\u00edma berendez\u00e9s tiszt\u00edtva legyen v\u00e9dve \u00d6n \u00e9s csal\u00e1dja eg\u00e9szs\u00e9g\u00e9t;<\/li><li>\u2026el\u0151re \u00e9rtes\u00fclj\u00f6n arr\u00f3l, ha valamely alkatr\u00e9sz cser\u00e9je id\u0151szer\u0171 (nem megv\u00e1rva, m\u00edg t\u00f6nkremegy)\u2026<\/li><li>\u2026akkor telefon\u00e1ljon \u00e9s egyeztessen koll\u00e9g\u00e1nkkal a karbantart\u00e1s szolg\u00e1ltat\u00e1ssal kapcsolatban.<\/li><\/ul>\n\n\n\n<h2 class=\"wp-block-heading\">A karbantart\u00e1s elemei<\/h2>\n\n\n\n<ul class=\"wp-block-list\" id=\"hk_szolg_check_style\"><li>Sz\u0171r\u0151- \u00e9s burkolat tiszt\u00edt\u00e1s<\/li><li>Funkci\u00f3 tesztel\u00e9s<\/li><li>H\u0151cser\u00e9l\u0151 tiszt\u00edt\u00e1s, fert\u0151tlen\u00edt\u00e9s<\/li><li>Kondenzv\u00edz elvezet\u00e9s ellen\u0151rz\u00e9s<\/li><li>Cseppv\u00edzt\u00e1lca fert\u0151tlen\u00edt\u00e9se, gomb\u00e1tlan\u00edt\u00e1sa<\/li><li>Elektromos csatlakoz\u00e1sok ellen\u0151rz\u00e9se<\/li><li>G\u00e1z sziv\u00e1rg\u00e1s ellen\u0151rz\u00e9s<\/li><li>Teszt\u00fczem<\/li><\/ul>\n","protected":false},"excerpt":{"rendered":"<p>KL\u00cdMA TELEP\u00cdT\u00c9S, BE\u00dcZEMEL\u00c9S A legjobb mindent egy helyen elint\u00e9zni! Takar\u00edtson meg p\u00e9nzt \u00e9s id\u0151t azzal, hogy n\u00e1lunk v\u00e1laszt k\u00e9sz\u00fcl\u00e9ket. Mi v\u00e9gigvissz\u00fck a folyamatot a gondolatt\u00f3l a h\u0171v\u00f6s nappaliig. Al\u00e1bb megtal\u00e1lja a kl\u00edma telep\u00edt\u00e9s menet\u00e9t \u00e9s \u00e1rainkat. B\u00e1rmilyen felmer\u00fcl\u0151 k\u00e9rd\u00e9s eset\u00e9n keresse koll\u00e9g\u00e1inkat! A telep\u00edt\u00e9s menete Telefonos egyeztet\u00e9s ut\u00e1n, egy helysz\u00edni&#8230;<\/p>\n","protected":false},"author":0,"featured_media":0,"parent":0,"menu_order":0,"comment_status":"closed","ping_status":"closed","template":"","meta":{"footnotes":""},"class_list":["post-53","page","type-page","status-publish","hentry"],"_links":{"self":[{"href":"https:\/\/kli-ma.videoesfoto.hu\/kli-ma\/wp-json\/wp\/v2\/pages\/53","targetHints":{"allow":["GET"]}}],"collection":[{"href":"https:\/\/kli-ma.videoesfoto.hu\/kli-ma\/wp-json\/wp\/v2\/pages"}],"about":[{"href":"https:\/\/kli-ma.videoesfoto.hu\/kli-ma\/wp-json\/wp\/v2\/types\/page"}],"replies":[{"embeddable":true,"href":"https:\/\/kli-ma.videoesfoto.hu\/kli-ma\/wp-json\/wp\/v2\/comments?post=53"}],"version-history":[{"count":9,"href":"https:\/\/kli-ma.videoesfoto.hu\/kli-ma\/wp-json\/wp\/v2\/pages\/53\/revisions"}],"predecessor-version":[{"id":149,"href":"https:\/\/kli-ma.videoesfoto.hu\/kli-ma\/wp-json\/wp\/v2\/pages\/53\/revisions\/149"}],"wp:attachment":[{"href":"https:\/\/kli-ma.videoesfoto.hu\/kli-ma\/wp-json\/wp\/v2\/media?parent=53"}],"curies":[{"name":"wp","href":"https:\/\/api.w.org\/{rel}","templated":true}]}}

SZOLGÁLTATÁSOK

<h2 class="wp-block-heading">KLÍMA TELEPÍTÉS, BEÜZEMELÉS</h2>



<p>A legjobb mindent egy helyen elintézni! Takarítson meg pénzt és időt azzal, hogy nálunk választ készüléket. Mi végigvisszük a folyamatot a gondolattól a hűvös nappaliig. Alább megtalálja a klíma telepítés menetét és árainkat. Bármilyen felmerülő kérdés esetén keresse kollégáinkat!</p>



<h2 class="wp-block-heading">A telepítés menete</h2>



<ul class="wp-block-list"><li>Telefonos egyeztetés után, egy helyszíni felmérést követően leegyeztetjük, hol lenne a készüléknek a legoptimálisabb helye</li><li>Falátfúrással vagy szükség esetén falvéséssel előkészítik a beszerelést. Ezen munkafolyamat minimális porral jár, a jól felszerelt szerelőinknek köszönhetően. Minden kollégánk ipari porszívóval és profi fúrószerszámokkal érkezik Önhöz.</li><li>Kábelcsatornázás és a vezetékek behúzása</li><li>Beltéri klímaegység felhelyezése</li><li>Elektromos és kommunikációs vezetékek bekötése a beltéri és a kültéri egységek között</li><li>Kültéri klímaegység felszerelése</li><li>A rendszer tömörségvizsgálata, vákumolása</li><li>A rendszer beüzemelése, takarítás és a készülék működésének bemutatása</li></ul>



<h2 class="wp-block-heading">KLÍMA KARBANTARTÁS</h2>



<p>Előbb-utóbb mindenképp klíma szerelőre lesz szüksége, ha klímát vásárol. Ez biztos. Ön arról dönt, hogy milyen körülmények között találkozik a szerelővel.</p>



<p>Szeretne váratlan, kellemetlen helyzetbe kerülni és mindezek tetejébe a karbantartási díj többszörösét kifizetni cserélendő alkatrészekre? Mindezt váratlanul, a kánikula közepén. Azért, mert muszáj. Ha igen, ne is olvasson tovább!</p>



<p>Ha viszont szeretné, hogy…</p>



<ul class="wp-block-list"><li>…évente 2 alkalommal szakértő kolléga néhány perc alatt átvizsgálja a készüléket egy Ön számára kényelmes időpontban;</li><li>…a klíma berendezés tisztítva legyen védve Ön és családja egészségét;</li><li>…előre értesüljön arról, ha valamely alkatrész cseréje időszerű (nem megvárva, míg tönkremegy)…</li><li>…akkor telefonáljon és egyeztessen kollégánkkal a karbantartás szolgáltatással kapcsolatban.</li></ul>



<h2 class="wp-block-heading">A karbantartás elemei</h2>



<ul class="wp-block-list" id="hk_szolg_check_style"><li>Szűrő- és burkolat tisztítás</li><li>Funkció tesztelés</li><li>Hőcserélő tisztítás, fertőtlenítés</li><li>Kondenzvíz elvezetés ellenőrzés</li><li>Cseppvíztálca fertőtlenítése, gombátlanítása</li><li>Elektromos csatlakozások ellenőrzése</li><li>Gáz szivárgás ellenőrzés</li><li>Tesztüzem</li></ul>

<p>KLÍMA TELEPÍTÉS, BEÜZEMELÉS A legjobb mindent egy helyen elintézni! Takarítson meg pénzt és időt azzal, hogy nálunk választ készüléket. Mi végigvisszük a folyamatot a gondolattól a hűvös nappaliig. Alább megtalálja a klíma telepítés menetét és árainkat. Bármilyen felmerülő kérdés esetén keresse kollégáinkat! A telepítés menete Telefonos egyeztetés után, egy helyszíni&#8230;</p>
