{"id":54,"date":"2021-04-22T13:50:32","date_gmt":"2021-04-22T13:50:32","guid":{"rendered":"https:\/\/kli-ma.videoesfoto.hu\/kli-ma\/home\/"},"modified":"2021-05-02T20:48:10","modified_gmt":"2021-05-02T20:48:10","slug":"home","status":"publish","type":"page","link":"https:\/\/kli-ma.videoesfoto.hu\/kli-ma\/home\/","title":{"rendered":"R\u00d3LUNK"},"content":{"rendered":"\n<p>A KLI-MA szakemberei lassan egy \u00e9vtizede foglalkoznak kl\u00edm\u00e1k telep\u00edt\u00e9s\u00e9vel, be\u00fczemel\u00e9s\u00e9vel. Hogy van-e olyan kl\u00edma berendez\u00e9s, mellyel m\u00e9g nem tal\u00e1lkoztak? Val\u00f3sz\u00edn\u0171leg nincs. \u00c9pp ez\u00e9rt nem csak abban tudnak ir\u00e1ny mutat\u00e1st adni, hogy milyen kl\u00edm\u00e1t v\u00e1lasszanak, hanem abban is, hogy milyet ne\u2026 A gyakori k\u00e9rd\u00e9sek oldalon tal\u00e1lhat n\u00e9h\u00e1ny olyan megsz\u00edvlelend\u0151 tan\u00e1csot, melyet \u00e9rdemes figyelembe venni ahhoz, hogy kl\u00edm\u00e1t v\u00e1s\u00e1roljon, ne pedig egy \u00fajabb probl\u00e9m\u00e1t.<\/p>\n\n\n\n<h2 class=\"wp-block-heading\">MINDEN AMIT \u00c9RDEMES TUDNI\u2026 GARANCIA, ALKATR\u00c9SZEK<\/h2>\n\n\n\n<p>Kl\u00edma v\u00e1laszt\u00e1s eset\u00e9n a k\u00e9sz\u00fcl\u00e9k teljes\u00edtm\u00e9ny\u00e9n, megb\u00edzhat\u00f3s\u00e1g\u00e1n fel\u00fcl legal\u00e1bb ennyire fontos, hogy milyen garanci\u00e1t ad a gy\u00e1rt\u00f3 \u00e9s megfelel\u0151-e az alkatr\u00e9sz ell\u00e1t\u00e1s. Arcpir\u00edt\u00f3an sok csal\u00f3dott \u00fcgyf\u00e9l \u00e9rkezett m\u00e1r hozz\u00e1nk, hogy az elromlott kl\u00edm\u00e1j\u00e1t k\u00e9ptelens\u00e9g megjav\u00edtani, nem v\u00e1llalj\u00e1k a szerel\u0151k \u00e9s m\u00e9g alkatr\u00e9szt is lehetetlen hozz\u00e1 szerezni. Igen, ebbe a csapd\u00e1ba sokan bes\u00e9t\u00e1lnak, nem v\u00e9letlen a mond\u00e1s, hogy olykor az olcs\u00f3 a legdr\u00e1g\u00e1bb\u2026<\/p>\n\n\n\n<p>Az \u00e1ltalunk forgalmazott k\u00e9sz\u00fcl\u00e9kek mind megb\u00edzhat\u00f3, kl\u00edma gy\u00e1rt\u00e1s ter\u00fclet\u00e9n t\u00f6bb \u00e9vtizedes tapasztalattal rendelkez\u0151 gy\u00e1rt\u00f3kt\u00f3l sz\u00e1rmaznak. Mit jelent ez a gyakorlatban? Sok jav\u00edt\u00e1smentes \u00e9vet, sz\u00fcks\u00e9g eset\u00e9n pedig k\u00f6nny\u0171 a cser\u00e9lend\u0151 alkatr\u00e9szeket beszerezni \u00e9s szerel\u0151t tal\u00e1lni hozz\u00e1.<\/p>\n\n\n\n<h2 class=\"wp-block-heading\">TELJES\u00cdTM\u00c9NY<\/h2>\n\n\n\n<p>A megfelel\u0151 teljes\u00edtm\u00e9ny\u0171 kl\u00edma kiv\u00e1laszt\u00e1s\u00e1t befoly\u00e1solja a h\u0171teni\/f\u0171teni k\u00edv\u00e1nt helyis\u00e9g alapter\u00fclete, a belmagass\u00e1g, a f\u00f6ldrajzi elhelyezked\u00e9s (pl. d\u00e9l fekv\u00e9s\u0171-e a helyis\u00e9g), van-e nagy h\u0151t kibocs\u00e1t\u00f3 elektromos berendez\u00e9s p\u00e9ld\u00e1ul h\u0171t\u0151szekr\u00e9ny vagy nagy teljes\u00edtm\u00e9ny\u0171 l\u00e1mpa stb. \u00d6sszetett igaz? A j\u00f3 h\u00edr, hogy ezzel \u00d6nnek nem kell foglalkoznia. H\u00edvja fel koll\u00e9g\u00e1nkat \u00e9s \u0150 felteszi a megfelel\u0151 k\u00e9rd\u00e9seket \u00e9s seg\u00edt a k\u00e9sz\u00fcl\u00e9k kiv\u00e1laszt\u00e1s\u00e1ban.<\/p>\n\n\n\n<h2 class=\"wp-block-heading\">KL\u00cdMA SZEREL\u00c9S \u2013 TELEP\u00cdT\u00c9S<\/h2>\n\n\n\n<p>Egy lakoss\u00e1gi kl\u00edma ki\u00e9p\u00edt\u00e9se, k\u00fclt\u00e9ri \u00e9s belt\u00e9ri egys\u00e9gek telep\u00edt\u00e9se \u00e9s be\u00fczemel\u00e9se \u00e1tlagosan 3-4 \u00f3r\u00e1t vesz ig\u00e9nybe, bele\u00e9rtve a felszerel\u00e9s ut\u00e1n sz\u00fcks\u00e9ges m\u00e9r\u00e9seket, esetleges ut\u00e1nt\u00f6lt\u00e9st \u00e9s takar\u00edt\u00e1st. A sz\u00fcks\u00e9ges munka\u00f3r\u00e1k sz\u00e1m\u00e1t term\u00e9szetesen befoly\u00e1solja a szoba m\u00e9rete, adotts\u00e1ga \u00e9s persze a sz\u00fcks\u00e9ges belt\u00e9ri egys\u00e9gek sz\u00e1ma. A belt\u00e9ri egys\u00e9gek alaplapra t\u00f6rt\u00e9n\u0151 felszerel\u00e9s\u00e9t k\u00f6vet\u0151en megkezdhet\u0151 a h\u0171t\u0151k\u00f6ri cs\u00f6vek elvezet\u00e9se, majd a k\u00fclt\u00e9ri egys\u00e9g felszerel\u00e9se. Munk\u00e1nk sor\u00e1n eszt\u00e9tikus lekerek\u00edtett k\u00e1belcsatorn\u00e1kat haszn\u00e1lunk. Munkat\u00e1rsaink a felszerel\u00e9s sor\u00e1n ipari porsz\u00edv\u00f3t haszn\u00e1lnak a f\u00far\u00e1s sor\u00e1n keletkezett t\u00f6rmel\u00e9kek elsz\u00edv\u00e1s\u00e1ra. Ennek ellen\u00e9re k\u00e9rj\u00fck a szerel\u00e9s alatt az \u00e9rt\u00e9kesebb berendez\u00e9seket t\u00e1vol\u00edts\u00e1k el a szerel\u00e9s k\u00f6rnyezet\u00e9b\u0151l, mivel az ugyan minim\u00e1lisan, de kosszal j\u00e1r. C\u00e9g\u00fcnk garanci\u00e1t v\u00e1llal minden elv\u00e9gzett munk\u00e1ra, \u00edgy \u00e9rdek\u00fcnk, hogy csak min\u0151s\u00e9gi kl\u00edmaberendez\u00e9seket telep\u00edts\u00fcnk megrendel\u0151ink sz\u00e1m\u00e1ra.<\/p>\n","protected":false},"excerpt":{"rendered":"<p>A KLI-MA szakemberei lassan egy \u00e9vtizede foglalkoznak kl\u00edm\u00e1k telep\u00edt\u00e9s\u00e9vel, be\u00fczemel\u00e9s\u00e9vel. Hogy van-e olyan kl\u00edma berendez\u00e9s, mellyel m\u00e9g nem tal\u00e1lkoztak? Val\u00f3sz\u00edn\u0171leg nincs. \u00c9pp ez\u00e9rt nem csak abban tudnak ir\u00e1ny mutat\u00e1st adni, hogy milyen kl\u00edm\u00e1t v\u00e1lasszanak, hanem abban is, hogy milyet ne\u2026 A gyakori k\u00e9rd\u00e9sek oldalon tal\u00e1lhat n\u00e9h\u00e1ny olyan megsz\u00edvlelend\u0151 tan\u00e1csot, melyet&#8230;<\/p>\n","protected":false},"author":0,"featured_media":0,"parent":0,"menu_order":0,"comment_status":"closed","ping_status":"closed","template":"","meta":{"footnotes":""},"class_list":["post-54","page","type-page","status-publish","hentry"],"_links":{"self":[{"href":"https:\/\/kli-ma.videoesfoto.hu\/kli-ma\/wp-json\/wp\/v2\/pages\/54","targetHints":{"allow":["GET"]}}],"collection":[{"href":"https:\/\/kli-ma.videoesfoto.hu\/kli-ma\/wp-json\/wp\/v2\/pages"}],"about":[{"href":"https:\/\/kli-ma.videoesfoto.hu\/kli-ma\/wp-json\/wp\/v2\/types\/page"}],"replies":[{"embeddable":true,"href":"https:\/\/kli-ma.videoesfoto.hu\/kli-ma\/wp-json\/wp\/v2\/comments?post=54"}],"version-history":[{"count":20,"href":"https:\/\/kli-ma.videoesfoto.hu\/kli-ma\/wp-json\/wp\/v2\/pages\/54\/revisions"}],"predecessor-version":[{"id":150,"href":"https:\/\/kli-ma.videoesfoto.hu\/kli-ma\/wp-json\/wp\/v2\/pages\/54\/revisions\/150"}],"wp:attachment":[{"href":"https:\/\/kli-ma.videoesfoto.hu\/kli-ma\/wp-json\/wp\/v2\/media?parent=54"}],"curies":[{"name":"wp","href":"https:\/\/api.w.org\/{rel}","templated":true}]}}

RÓLUNK

<p>A KLI-MA szakemberei lassan egy évtizede foglalkoznak klímák telepítésével, beüzemelésével. Hogy van-e olyan klíma berendezés, mellyel még nem találkoztak? Valószínűleg nincs. Épp ezért nem csak abban tudnak irány mutatást adni, hogy milyen klímát válasszanak, hanem abban is, hogy milyet ne… A gyakori kérdések oldalon találhat néhány olyan megszívlelendő tanácsot, melyet érdemes figyelembe venni ahhoz, hogy klímát vásároljon, ne pedig egy újabb problémát.</p>



<h2 class="wp-block-heading">MINDEN AMIT ÉRDEMES TUDNI… GARANCIA, ALKATRÉSZEK</h2>



<p>Klíma választás esetén a készülék teljesítményén, megbízhatóságán felül legalább ennyire fontos, hogy milyen garanciát ad a gyártó és megfelelő-e az alkatrész ellátás. Arcpirítóan sok csalódott ügyfél érkezett már hozzánk, hogy az elromlott klímáját képtelenség megjavítani, nem vállalják a szerelők és még alkatrészt is lehetetlen hozzá szerezni. Igen, ebbe a csapdába sokan besétálnak, nem véletlen a mondás, hogy olykor az olcsó a legdrágább…</p>



<p>Az általunk forgalmazott készülékek mind megbízható, klíma gyártás területén több évtizedes tapasztalattal rendelkező gyártóktól származnak. Mit jelent ez a gyakorlatban? Sok javításmentes évet, szükség esetén pedig könnyű a cserélendő alkatrészeket beszerezni és szerelőt találni hozzá.</p>



<h2 class="wp-block-heading">TELJESÍTMÉNY</h2>



<p>A megfelelő teljesítményű klíma kiválasztását befolyásolja a hűteni/fűteni kívánt helyiség alapterülete, a belmagasság, a földrajzi elhelyezkedés (pl. dél fekvésű-e a helyiség), van-e nagy hőt kibocsátó elektromos berendezés például hűtőszekrény vagy nagy teljesítményű lámpa stb. Összetett igaz? A jó hír, hogy ezzel Önnek nem kell foglalkoznia. Hívja fel kollégánkat és Ő felteszi a megfelelő kérdéseket és segít a készülék kiválasztásában.</p>



<h2 class="wp-block-heading">KLÍMA SZERELÉS – TELEPÍTÉS</h2>



<p>Egy lakossági klíma kiépítése, kültéri és beltéri egységek telepítése és beüzemelése átlagosan 3-4 órát vesz igénybe, beleértve a felszerelés után szükséges méréseket, esetleges utántöltést és takarítást. A szükséges munkaórák számát természetesen befolyásolja a szoba mérete, adottsága és persze a szükséges beltéri egységek száma. A beltéri egységek alaplapra történő felszerelését követően megkezdhető a hűtőköri csövek elvezetése, majd a kültéri egység felszerelése. Munkánk során esztétikus lekerekített kábelcsatornákat használunk. Munkatársaink a felszerelés során ipari porszívót használnak a fúrás során keletkezett törmelékek elszívására. Ennek ellenére kérjük a szerelés alatt az értékesebb berendezéseket távolítsák el a szerelés környezetéből, mivel az ugyan minimálisan, de kosszal jár. Cégünk garanciát vállal minden elvégzett munkára, így érdekünk, hogy csak minőségi klímaberendezéseket telepítsünk megrendelőink számára.</p>

<p>A KLI-MA szakemberei lassan egy évtizede foglalkoznak klímák telepítésével, beüzemelésével. Hogy van-e olyan klíma berendezés, mellyel még nem találkoztak? Valószínűleg nincs. Épp ezért nem csak abban tudnak irány mutatást adni, hogy milyen klímát válasszanak, hanem abban is, hogy milyet ne… A gyakori kérdések oldalon találhat néhány olyan megszívlelendő tanácsot, melyet&#8230;</p>
